*i + 7. Give k(-4).
-29
Let n(r) = 6*r + 41. Give n(-7).
-1
Let b(y) = 2*y**2 + 8*y - 13. What is b(-6)?
11
Let u(h) = -2*h + 30. Give u(10).
10
Let x(b) = -4*b + 9. Give x(5).
-11
Let f(r) = r**3 - 10*r**2 + 7*r + 6. Determine f(9).
-12
Let v(q) = -q**2 - 10*q + 18. What is v(-11)?
7
Let a(x) = x**2 + 9*x + 9. Determine a(-6).
-9
Let l(p) = 5*p**2 - 5*p - 3. Determine l(2).
7
Let x(c) = -c**3 + 5*c**2 - 6*c. What is x(4)?
-8
Let d(z) = z**2 - 5*z + 7. Give d(6).
13
Let n(y) = 27*y - 1. Determine n(-1).
-28
Let v(k) = -k**3 - 22*k**2 - 24*k - 71. Calculate v(-21).
-8
Let c(b) = -2*b + 9. Determine c(-5).
19
Let v(a) = a. Give v(4).
4
Let p(w) = -w**2 + 7*w - 3. Determine p(6).
3
Let t(s) = -s**2 + 10*s + 50. Calculate t(-4).
-6
Let r(c) = c**3 + 108. Calculate r(0).
108
Let j(z) = -z**3 + 2*z**2 - z + 2. Give j(2).
0
Let b(v) = -2*v - 4. Determine b(12).
-28
Let g(p) = -p**2 + 9*p + 9. What is g(10)?
-1
Let r(w) = w**2 + 2*w - 22. Give r(-5).
-7
Let h(d) = 7*d - 51. Give h(6).
-9
Let t(l) = l + 21. What is t(-4)?
17
Let h(a) = 10*a + 3. What is h(-2)?
-17
Let w(b) = -3*b**2 - 41*b + 13. Calculate w(-13).
39
Let v(u) = 3*u**3 + 3*u**2 + 4*u. Give v(-2).
-20
Let c(b) = b**2 + 11*b - 5. Calculate c(-11).
-5
Let c(r) = r**3 - r**2 - 1. What is c(2)?
3
Let g(d) = d**3 - 8*d**2 - 4*d - 16. What is g(8)?
-48
Let y(z) = -5*z + 25. Give y(8).
-15
Let g(j) = j**3 - 8*j**2 - 5*j + 7. Give g(8).
-33
Let t(f) = -42*f + 237. What is t(6)?
-15
Let y(b) = b**3 + 11*b**2 + 13*b + 2. Calculate y(-9).
47
Let k(r) = -r**3 - 25*r**2 - 2*r - 29. Calculate k(-25).
21
Let q(z) = 2*z**3 + 2*z**2 + z - 2. Give q(-3).
-41
Let k(i) = 26*i**2 + 2*i. Calculate k(-1).
24
Let q(b) = -b**3 - b**2 + 2*b + 109. Determine q(0).
109
Let o(a) = -a + 10. Determine o(9).
1
Let f(l) = l**2 - 6*l - 3. Calculate f(8).
13
Let k(z) = -7*z - 32. Give k(-6).
10
Let t(g) = -g**3 - 10*g**2 - 12*g - 2. What is t(-9)?
25
Let q(y) = y**2 + 14*y + 15. What is q(-11)?
-18
Let l(f) = -2*f**3 - 14*f**2 + 4*f + 18. Calculate l(-7).
-10
Let h(g) = -2*g - 73. Give h(-37).
1
Let c(l) = -5*l**2 - 8*l + 3. What is c(3)?
-66
Let y(z) = z**3 + 6*z**2 - 20*z + 5. Give y(-9).
-58
Let l(j) = -9*j + 4. Determine l(5).
-41
Let i(w) = -w**3 + 7*w**2 - 6*w - 6. Determine i(5).
14
Let i(b) = b**3 + 8*b**2 - 11*b - 2. What is i(-8)?
86
Let a(g) = g**3 - 4*g**2 - 4*g + 39. Determine a(5).
44
Let f(m) = -m**3 + 3*m**2 - 4*m + 2. Determine f(2).
-2
Let y(m) = 5*m + 11. What is y(13)?
76
Let p(s) = -s**3 - 54*s**2 + 56*s + 53. Calculate p(-55).
-2
Let g(y) = -2*y**2 + 23*y + 20. Determine g(12).
8
Let y(f) = f - 11. What is y(0)?
-11
Let k(o) = -o + 7. Give k(11).
-4
Let b(d) = -d**3. Calculate b(0).
0
Let b(r) = -37*r**3 + r - 2. What is b(1)?
-38
Let a(y) = 16*y - 16. Determine a(4).
48
Let b(y) = 5*y - 23. Calculate b(4).
-3
Let r(c) = -2*c - 11. Give r(-9).
7
Let g(f) = -8*f + 4. What is g(1)?
-4
Let d(f) = -f**3 + 5*f**2 - 8*f + 3. Give d(3).
-3
Let f(j) = -2*j - 9. Calculate f(-6).
3
Let z(g) = -2*g**2 + 30*g + 76. Give z(17).
8
Let f(z) = -153*z - 301. What is f(-2)?
5
Let y(m) = -m + 1. Determine y(14).
-13
Let h(t) = -t**3 + 10*t**2 + t - 11. Give h(10).
-1
Let i(d) = d**2 + 3*d + 2. Determine i(-3).
2
Let t(g) = g + 1. Give t(-16).
-15
Let i(r) = 2*r - 10. Calculate i(10).
10
Let m(x) = x - 23. Give m(7).
-16
Let n(j) = -j - 14. Give n(0).
-14
Let g(l) = 2*l**3 + 39*l**2 - 19*l - 3. What is g(-20)?
-23
Let o(n) = -n**3 + 7*n**2 + 2*n - 5. Determine o(4).
51
Let m(f) = -f**2 - 6*f - 13. What is m(-5)?
-8
Let z(q) = 3*q + 5. What is z(2)?
11
Let t(h) = -5*h**2 - 311*h - 59. What is t(-62)?
3
Let k(w) = 4*w + 3. Calculate k(-9).
-33
Let h(n) = 32*n - 4. Calculate h(2).
60
Let c(g) = 15*g - 6. What is c(1)?
9
Let t(z) = -z**2 - 23*z - 56. Give t(-20).
4
Let u(n) = -n + 12. Give u(15).
-3
Let j(i) = -i + 15. Determine j(7).
8
Let u(x) = 4*x + 171. What is u(-41)?
7
Let c(i) = i**2 + 9*i - 8. What is c(-11)?
14
Let a(v) = -4*v**2 - 3*v + 1. What is a(-3)?
-26
Let j(d) = -d**3 + 15*d**2 + d - 16. Determine j(15).
-1
Let n(z) = -11*z - 14. Give n(-2).
8
Let i(s) = s**2 + 19*s + 33. Give i(-18).
15
Let f(q) = 10*q - 34. Calculate f(8).
46
Let c(h) = h**2 - 2*h - 2. Determine c(-2).
6
Let r(w) = -w + 9. Give r(8).
1
Let z(m) = -2*m - 40. Calculate z(-18).
-4
Let k(y) = -y**2 + 5*y - 11. Calculate k(5).
-11
Let l(h) = -13*h + 175. Give l(14).
-7
Let y(h) = h**3 + 4*h**2 - 2*h + 3. What is y(-4)?
11
Let d(p) = 2*p - 23. Calculate d(-3).
-29
Let b(n) = -3*n + 5. What is b(5)?
-10
Let c(g) = 3*g + 112. What is c(-38)?
-2
Let i(b) = -2*b**2 + 3*b + 29. Give i(-3).
2
Let c(m) = m**3 + 3*m**2 - 6*m + 21. What is c(-5)?
1
Let s(n) = -n**2 + 4*n + 1. What is s(-4)?
-31
Let z(b) = -3*b + 78. Give z(19).
21
Let j(k) = k**3 + 3*k**2 - 7*k - 5. Give j(-4).
7
Let i(t) = -2*t**2 - 3*t. What is i(1)?
-5
Let r(o) = 5*o + 27. Determine r(-5).
2
Let n(s) = 2*s - 9. What is n(0)?
-9
Let l(h) = -4*h. Calculate l(1).
-4
Let v(y) = -y**2 + 19*y + 3. What is v(18)?
21
Let y(v) = v + 5. Determine y(3).
8
Let s(a) = -2*a**2 - 1. Give s(3).
-19
Let m(j) = -j + 3. Determine m(-6).
9
Let y(v) = 10*v - 4. What is y(0)?
-4
Let s(y) = y + 1. What is s(10)?
11
Let m(d) = -d**3 + 3*d**2 - 2*d + 11. Determine m(5).
-49
Let i(k) = 6*k - 447. Give i(75).
3
Let l(w) = w**2 + 2*w + 4. What is l(0)?
4
Let x(n) = n**3 + 4*n**2 + 3*n. Calculate x(-2).
2
Let b(h) = -h + 19. What is b(21)?
-2
Let w(u) = -u**3 - 7*u**2 + 4*u - 2. What is w(-7)?
-30
Let t(h) = -6*h - 31. What is t(-5)?
-1
Let g(z) = z**3 + 19*z**2 - 42*z - 3. What is g(-21)?
-3
Let g(u) = -u**3 - 2*u + 9. Give g(0).
9
Let g(t) = t**3 - t**2 - 12. Give g(0).
-12
Let h(j) = -2*j**2 + 46*j - 61. What is h(22)?
-17
Let v(c) = c**3 + 11*c**2 - 2*c - 5. Calculate v(-11).
17
Let l(q) = -q**3 - 26*q**2 - 48*q - 6. What is l(-24)?
-6
Let d(c) = 6*c**2. Give d(2).
24
Let o(y) = -y**3 + 17*y**2 - 23*y + 26. What is o(16)?
-86
Let c(y) = -y**3 + 9*y**2 - 6*y - 12. Calculate c(5).
58
Let c(q) = -q**3 + 2*q**2 + 5*q + 3. Determine c(4).
-9
Let a(u) = 5*u + 14. What is a(-8)?
-26
Let o(a) = 23*a + 96. Determine o(-4).
4
Let i(o) = -4*o - 4. Determine i(-3).
8
Let s(o) = o**2 + 3*o - 4. Calculate s(2).
6
Let p(y) = -y**2 + 18*y + 139. What is p(-8)?
-69
Let u(n) = -2*n**2 - 2. Give u(4).
-34
Let o(c) = 3*c + 41. What is o(-16)?
-7
Let h(b) = -b**3 + b**2 + 4. Determine h(2).
0
Let o(y) = 31*y + 113. Give o(-4).
-11
Let y(l) = 7*l**2 - l + 1. Calculate y(1).
7
Let g(y) = -3*y**3 + y. What is g(-1)?
2
Let k(n) = n**3 - n**2 - 3*n - 3. Calculate k(-2).
-9
Let r(s) = 2*s**2 - 39*s + 20. Give r(18).
-34
Let o(h) = h**2 - 6*h + 6. Calculate o(6).
6
Let k(z) = -z**2 - z - 17. Calculate k(0).
-17
Let v(c) = -c**3 - 13*c**2 + 12*c + 21. Give v(-14).
49
Let b(l) = -l**3 - 14*l**2 - 25*l - 11. Calculate b(-12).
1
Let s(p) = -p**3 + 37*p**2 + 36*p + 80. Calculate s(38).
4
Let d(k) = -16*k**2 - 2*k - 1. What is d(-1)?
-15
Let z(p) = -2*p**3 - 8*p**2 + 2*p - 7. What is z(-5)?
33
Let x(f) = -f**2 + 16. Give x(12).
-128
Let m(c) = -c**3 + 15*c**2 - 8*c - 11. Determine m(14).
73
Let w(o) = 2*o**2 + o + 16. What is w(0)?
16
Let g(m) = m**3 + 17*m**2 + m + 13. What is g(-17)?
-4
Let q(d) = d**3 + d + 2. Give q(-1).
0
Let g(b) = 14*b**3 - b - 1. Determine g(-1).
-14
Let g(h) = -63*h + 321. Calculate g(5).
6
Let s(c) = c**3 + 2*c**2 - 19*c - 11. Give s(5).
69
Let k(v) = 4*v - 2. Give k(-10).
-42
Let k(t) = t**2 - 12*t - 1. Calculate k(12).
-1
Let q(b) = 2*b**2 - b + 4. Determine q(3).
19
Let i(r) = r**3 + 5*r**2 + 6*r + 4. What is i(-4)?
-4
Let n(u) = -3*u**2 + 35*u. Give n(12).
-12
Let p(q) = -4*q**2 - 21*q. What is p(-7)?
-49
Let a(l) = -l**2 + 21. Give a(0).
21
Let p(c) = -15*c - 14. Calculate p(-6).
76
Let u(f) = f**3 + 6*f**2 - 2*f - 7. Give u(-5).
28
Let h(y) = -4*y + 3. Calculate h(4).
-13
Let z(o) = -o**3 - 24*o**2 - 39*o + 106. Determine z(-22).
-4
Let u(d) = -24*d - 5. What is u(-1)?
19
Let l(t) = -2*t - 46. Give l(-26).
6
Let b(s) = 8*s**2 - 10*s - 12. Give b(-1).
6
Let k(h) = -h**3 + h + 7. Calculate k(-2).
13
Let n(s) = 2*s**3 - 2*s**2 - s + 1. What is n(2)?
7
Let s(z) = -4*z + 16. What is s(2)?
8
Let h(g) = -62*g + 130. Determine h(2).
6
Let y(s) = 2*s - 13. Give y(25).
37
Let g(o) = 7*o - 10. Give g(-2).
-24
Let h